{"id":338,"date":"2020-07-12T21:45:01","date_gmt":"2020-07-12T19:45:01","guid":{"rendered":"http:\/\/diamondseliotte.eu\/?page_id=338"},"modified":"2023-12-04T17:01:04","modified_gmt":"2023-12-04T16:01:04","slug":"referencie","status":"publish","type":"page","link":"http:\/\/www.noire.sk\/?page_id=338","title":{"rendered":"Referencie"},"content":{"rendered":"\t\t<div data-elementor-type=\"wp-post\" data-elementor-id=\"338\" class=\"elementor elementor-338\">\n\t\t\t\t\t\t<section class=\"elementor-section elementor-top-section elementor-element elementor-element-7527e23a elementor-section-height-min-height elementor-section-boxed elementor-section-height-default elementor-section-items-middle\" data-id=\"7527e23a\" data-element_type=\"section\" id=\"home\" data-settings=\"{&quot;background_background&quot;:&quot;classic&quot;,&quot;shape_divider_bottom&quot;:&quot;mountains&quot;}\">\n\t\t\t\t\t\t\t<div class=\"elementor-background-overlay\"><\/div>\n\t\t\t\t\t\t<div class=\"elementor-shape elementor-shape-bottom\" data-negative=\"false\">\n\t\t\t<svg xmlns=\"http:\/\/www.w3.org\/2000\/svg\" viewBox=\"0 0 1000 100\" preserveAspectRatio=\"none\">\n\t<path class=\"elementor-shape-fill\" opacity=\"0.33\" d=\"M473,67.3c-203.9,88.3-263.1-34-320.3,0C66,119.1,0,59.7,0,59.7V0h1000v59.7 c0,0-62.1,26.1-94.9,29.3c-32.8,3.3-62.8-12.3-75.8-22.1C806,49.6,745.3,8.7,694.9,4.7S492.4,59,473,67.3z\"\/>\n\t<path class=\"elementor-shape-fill\" opacity=\"0.66\" d=\"M734,67.3c-45.5,0-77.2-23.2-129.1-39.1c-28.6-8.7-150.3-10.1-254,39.1 s-91.7-34.4-149.2,0C115.7,118.3,0,39.8,0,39.8V0h1000v36.5c0,0-28.2-18.5-92.1-18.5C810.2,18.1,775.7,67.3,734,67.3z\"\/>\n\t<path class=\"elementor-shape-fill\" d=\"M766.1,28.9c-200-57.5-266,65.5-395.1,19.5C242,1.8,242,5.4,184.8,20.6C128,35.8,132.3,44.9,89.9,52.5C28.6,63.7,0,0,0,0 h1000c0,0-9.9,40.9-83.6,48.1S829.6,47,766.1,28.9z\"\/>\n<\/svg>\t\t<\/div>\n\t\t\t\t\t<div class=\"elementor-container elementor-column-gap-default\">\n\t\t\t\t\t<div class=\"elementor-column elementor-col-100 elementor-top-column elementor-element elementor-element-46e3c576\" data-id=\"46e3c576\" data-element_type=\"column\">\n\t\t\t<div class=\"elementor-widget-wrap elementor-element-populated\">\n\t\t\t\t\t\t<div class=\"elementor-element elementor-element-61b0303 text-center elementor-widget elementor-widget-advanced-text-block\" data-id=\"61b0303\" data-element_type=\"widget\" data-widget_type=\"advanced-text-block.default\">\n\t\t\t\t<div class=\"elementor-widget-container\">\n\t\t\t<div class=\"futurio_extra_adv_text_block animate-general\"  data-animate-type=\"transition.fadeIn\" data-animate-delay=\"50\"><h2 class=\"text-content-block\"><p>PROFESION\u00c1LNY PR\u00cdSTUP KU KLIENTOM A ICH PROJEKOTOM<\/p><\/div><\/h2>\t\t<\/div>\n\t\t\t\t<\/div>\n\t\t\t\t\t<\/div>\n\t\t<\/div>\n\t\t\t\t\t<\/div>\n\t\t<\/section>\n\t\t\t\t<section class=\"elementor-section elementor-top-section elementor-element elementor-element-bf200b6 elementor-section-boxed elementor-section-height-default elementor-section-height-default\" data-id=\"bf200b6\" data-element_type=\"section\">\n\t\t\t\t\t\t<div class=\"elementor-container elementor-column-gap-default\">\n\t\t\t\t\t<div class=\"elementor-column elementor-col-100 elementor-top-column elementor-element elementor-element-9a375bb\" data-id=\"9a375bb\" data-element_type=\"column\">\n\t\t\t<div class=\"elementor-widget-wrap elementor-element-populated\">\n\t\t\t\t\t\t<div class=\"elementor-element elementor-element-8b67315 elementor-widget elementor-widget-text-editor\" data-id=\"8b67315\" data-element_type=\"widget\" data-widget_type=\"text-editor.default\">\n\t\t\t\t<div class=\"elementor-widget-container\">\n\t\t\t\t\t\t\t<p><strong>VYBRAN\u00c9 REFERENCIE<\/strong><\/p><p><strong>\u00a0<\/strong><\/p><hr \/><p><strong>\u00a0<\/strong><\/p><p><strong>Gener\u00e1lna prokurat\u00fara Slovenskej republiky<br \/><\/strong><\/p><ul><li>CEF e-Justice: Pr\u00e1ce zabezpe\u010duj\u00face roz\u0161\u00edrenie informa\u010dn\u00e9ho syst\u00e9mu GP a dodanie rozhrania a zabezpe\u010denie prepojenia jednotn\u00fdch syst\u00e9mov E\u00da<\/li><\/ul><p><strong>\u00a0<\/strong><\/p><hr \/><p><strong>\u00a0<\/strong><\/p><p><strong>CHARV\u00c1T STROJ\u00c1RNE a.s.<br \/><\/strong><\/p><ul><li>Dodanie a roz\u0161\u00edrenie syst\u00e9mu automatick\u00e9ho monitorovania pr\u00e1ce zariaden\u00ed a pracovn\u00edkov.<\/li><li>Analytik\u00fd syst\u00e9m (d\u00e1ta + vizualiz\u00e1cie a analytick\u00e9 \u010dinnosti) s dodan\u00edm z\u00e1lo\u017en\u00e9ho syst\u00e9mu.<\/li><\/ul><div><div>\u00a0<\/div><hr \/><p><strong>\u00a0<\/strong><\/p><p><strong>Mesto \u017dilina<\/strong><\/p><ul><li>Poradensk\u00e9 \u010dinnosti pri zaveden\u00ed infrorma\u010dn\u00e9ho syst\u00e9mu pre parkovaciu politiku.<\/li><\/ul><p>\u00a0<\/p><\/div><hr \/><p><strong>\u00a0<\/strong><\/p><p><strong>Mesto Ko\u0161ice<br \/><\/strong><\/p><ul><li>Odborn\u00e9 konzulta\u010dn\u00e9 slu\u017eby vo verejnom obstar\u00e1van\u00ed pre z\u00e1kazky:<\/li><\/ul><p>\u00a0\u00a0\u00a0\u00a0 &#8211; eGov slu\u017eby mesta Ko\u0161ice<br \/>\u00a0\u00a0\u00a0\u00a0 &#8211; Oprava povrchov cestn\u00fdch komunik\u00e1ci\u00ed<br \/>\u00a0\u00a0\u00a0\u00a0 &#8211; Prakovacia politika mesta Ko\u0161ice\u00a0<\/p><p>\u00a0<\/p><hr \/><p><strong>\u00a0<\/strong><\/p><p><strong>Ministerstvo zdravotn\u00edctva<br \/><\/strong><\/p><ul><li>Vypracovanie \u0161t\u00fadie uskuto\u010dnite\u013enosti na zriadenie \u0160t\u00e1tnej distribu\u010dnej spolo\u010dnosti pre distrib\u00faciu liekov a zdravotn\u00edckych pom\u00f4cok<\/li><\/ul><div>\u00a0<\/div><div>\u00a0<\/div><hr \/><p><strong>\u00a0<\/strong><\/p><p><strong>RegioJet a. s.<\/strong><\/p><ul><li>Anal\u00fdza mo\u017enosti roz\u0161\u00edrenia podnikate\u013esk\u00fdch \u010dinnost\u00ed na \u00fazem\u00ed Slovenskej Republiky s vyu\u017eit\u00edm Opera\u010dn\u00e9ho programu Doprava pre \u017eelezni\u010dn\u00fa oblas\u0165.<\/li><\/ul><div>\u00a0<\/div><hr \/><p><strong>\u00a0<\/strong><\/p><p><strong>Hlavn\u00e9 mesto SR Bratislava<\/strong><\/p><ul><li>Pr\u00edprava \u017eiados\u0165 o finan\u010dn\u00fa pomoc pri z\u00e1mere realiz\u00e1cie rekon\u0161trukcie projektu \u201eRekon\u0161trukcia Star\u00e9ho mostu Bratislava a v\u00fdstavba novej elektri\u010dkovej dr\u00e1hy na \u00faseku \u0160t\u00farova &#8211; Star\u00fd most \u2013 Bos\u00e1kova\u201c<\/li><li>Implement\u00e1cia projektu, zabezpe\u010denie zos\u00faladenia zad\u00e1vac\u00edch podmienok s Modrou knihou Dunaja<\/li><\/ul><div>\u00a0<\/div><hr \/><p><strong>\u00a0<\/strong><\/p><p><strong>Ministerstvo zdravotn\u00edctva SR<\/strong><\/p><ul><li>Aktualiz\u00e1cia Transforma\u010dn\u00e9ho pl\u00e1nu Fakultnej nemocnice Nitra<\/li><li>Odborn\u00e9 konzult\u00e1cie ku programu Moderniz\u00e1cia zdravotn\u00edckej technol\u00f3gie vo Fakultnej nemocnici Nitra v celkovej v\u00fd\u0161ke opr\u00e1vnen\u00fdch v\u00fddavkov 17 121 976,28 EUR.<\/li><\/ul><div>\u00a0<\/div><hr \/><p><strong>\u00a0<\/strong><\/p><p><strong>Fakultn\u00e1 nemocnica Nitra<\/strong><\/p><ul><li>Odborn\u00e9 konzulta\u010dn\u00e9 slu\u017eby vo verejnom obstar\u00e1van\u00ed a realiz\u00e1cia nadlimitn\u00fdch verejn\u00fdch s\u00fa\u0165a\u017e\u00ed v Eur\u00f3pskom vestn\u00edku veren\u00e9ho obstar\u00e1vania.<\/li><\/ul><div>\u00a0<\/div><hr \/><p><strong>\u00a0<\/strong><\/p><p><strong>\u00dastredn\u00e1 vojensk\u00e1 nemocnica SNP Ru\u017eomberok &#8211; FN<br \/><\/strong><\/p><ul><li>Pr\u00edprava projektov\u00e9ho z\u00e1meru a implement\u00e1cia projetku zni\u017eovanie prev\u00e1dzkov\u00fdch n\u00e1kladov \u00daVN<\/li><\/ul><div>\u00a0<\/div><hr \/><p><strong>\u00a0<\/strong><\/p><p><strong>Slovakia Ring<br \/><\/strong><\/p><ul><li>Spracovanie v\u00fdskumno-v\u00fdvojov\u00e9ho z\u00e1meru a zabezpe\u010denie z\u00e1pisu do registra v\u00fdskumn\u00fdch agent\u00far veden\u00e9ho Ministerstvom \u0161kolstva SR<\/li><\/ul><div>\u00a0<\/div><hr \/><p><strong>\u00a0<\/strong><\/p><p><strong>Ministerstvo dopravy a v\u00fdstavby Slovenskej republiky<\/strong><\/p><ul><li>Odborn\u00e9 poradenstvo ku technick\u00fdm parametrom a spracovanie \u017eiadosti ku financovaniu projektovej dokument\u00e1cie \u201eModerniz\u00e1cia \u017eelezni\u010dnej trate K\u00faty \u2013 hranica z \u010ceskou republikou a zv\u00fd\u0161enie r\u00fdchlosti na 160 km\/h\u201c<\/li><li>Odborn\u00e9 technick\u00e9 poradenstvo ku pilotn\u00e9mu projektu vybaveniu lokomot\u00edv technol\u00f3giou ETCS<\/li><\/ul><div>\u00a0<\/div><hr \/><p><strong>\u00a0<\/strong><\/p><p><strong>\u017dilinsk\u00e1 Tepl\u00e1rensk\u00e1 a.s.<\/strong><\/p><ul><li>Moderniz\u00e1cia technol\u00f3gie na zni\u017eovanie emisi\u00ed zne\u010dis\u0165uj\u00facich l\u00e1tok<\/li><li>Spracovanie \u017eiadosti o NFP, verejn\u00e9 obstar\u00e1vanie a implement\u00e1cia projektu<\/li><\/ul><div>\u00a0<\/div><hr \/><p><strong>\u00a0<\/strong><\/p><p><strong>Mestsk\u00fd podnik Stropkov<\/strong><\/p><ul><li>Poskytnutie odborn\u00fdch slu\u017eieb projektov\u00e9ho riadenia pre projekt OP K\u017dP<\/li><li>Spracovanie \u017eiadosti o NFP, verejn\u00e9 obstar\u00e1vanie a implement\u00e1cia projektu<\/li><\/ul><div>\u00a0<\/div><hr \/><p><strong>\u00a0<\/strong><\/p><p><strong>Technick\u00e9 slu\u017eby obce Bo\u0161any s.r.o.<\/strong><\/p><ul><li>Poskytnutie slu\u017eieb projektov\u00e9ho riadenia pre projekt OPK\u017dP<\/li><li>Spracovanie \u017eiadosti o NFP, verejn\u00e9 obstar\u00e1vanie a implement\u00e1cia projektu<\/li><\/ul><div>\u00a0<\/div><hr \/><p><strong>\u00a0<\/strong><\/p><p><strong>\u0160koda Auto Slovensko, a.s.<\/strong><\/p><ul><li>Pr\u00edprave marketingovej strat\u00e9gie pre IIHF<\/li><li>Ukotvenie reklamnej kampane pre oblas\u0165 aviation a prev\u00e1dzka charterov\u00fdch letov.<\/li><\/ul><div>\u00a0<\/div><hr \/><p><strong>\u00a0<\/strong><\/p><p><strong>Letisko M.R.\u0160tef\u00e1nika &#8211; Airport Bratislava, a.s. (BTS)<\/strong><\/p><p>Pr\u00edprava strategick\u00e9ho pl\u00e1nu rozvoja letiska a finan\u010dn\u00fdch pl\u00e1nov opravy, \u00fadr\u017eby a invest\u00edci\u00ed.<\/p><p>\u00a0<\/p>\t\t\t\t\t\t<\/div>\n\t\t\t\t<\/div>\n\t\t\t\t\t<\/div>\n\t\t<\/div>\n\t\t\t\t\t<\/div>\n\t\t<\/section>\n\t\t\t\t<section class=\"elementor-section elementor-top-section elementor-element elementor-element-4297811a elementor-section-boxed elementor-section-height-default elementor-section-height-default\" data-id=\"4297811a\" data-element_type=\"section\" id=\"about\" data-settings=\"{&quot;background_background&quot;:&quot;classic&quot;,&quot;shape_divider_top&quot;:&quot;mountains&quot;,&quot;shape_divider_bottom&quot;:&quot;mountains&quot;}\">\n\t\t\t\t\t\t\t<div class=\"elementor-background-overlay\"><\/div>\n\t\t\t\t\t\t<div class=\"elementor-shape elementor-shape-top\" data-negative=\"false\">\n\t\t\t<svg xmlns=\"http:\/\/www.w3.org\/2000\/svg\" viewBox=\"0 0 1000 100\" preserveAspectRatio=\"none\">\n\t<path class=\"elementor-shape-fill\" opacity=\"0.33\" d=\"M473,67.3c-203.9,88.3-263.1-34-320.3,0C66,119.1,0,59.7,0,59.7V0h1000v59.7 c0,0-62.1,26.1-94.9,29.3c-32.8,3.3-62.8-12.3-75.8-22.1C806,49.6,745.3,8.7,694.9,4.7S492.4,59,473,67.3z\"\/>\n\t<path class=\"elementor-shape-fill\" opacity=\"0.66\" d=\"M734,67.3c-45.5,0-77.2-23.2-129.1-39.1c-28.6-8.7-150.3-10.1-254,39.1 s-91.7-34.4-149.2,0C115.7,118.3,0,39.8,0,39.8V0h1000v36.5c0,0-28.2-18.5-92.1-18.5C810.2,18.1,775.7,67.3,734,67.3z\"\/>\n\t<path class=\"elementor-shape-fill\" d=\"M766.1,28.9c-200-57.5-266,65.5-395.1,19.5C242,1.8,242,5.4,184.8,20.6C128,35.8,132.3,44.9,89.9,52.5C28.6,63.7,0,0,0,0 h1000c0,0-9.9,40.9-83.6,48.1S829.6,47,766.1,28.9z\"\/>\n<\/svg>\t\t<\/div>\n\t\t\t\t<div class=\"elementor-shape elementor-shape-bottom\" data-negative=\"false\">\n\t\t\t<svg xmlns=\"http:\/\/www.w3.org\/2000\/svg\" viewBox=\"0 0 1000 100\" preserveAspectRatio=\"none\">\n\t<path class=\"elementor-shape-fill\" opacity=\"0.33\" d=\"M473,67.3c-203.9,88.3-263.1-34-320.3,0C66,119.1,0,59.7,0,59.7V0h1000v59.7 c0,0-62.1,26.1-94.9,29.3c-32.8,3.3-62.8-12.3-75.8-22.1C806,49.6,745.3,8.7,694.9,4.7S492.4,59,473,67.3z\"\/>\n\t<path class=\"elementor-shape-fill\" opacity=\"0.66\" d=\"M734,67.3c-45.5,0-77.2-23.2-129.1-39.1c-28.6-8.7-150.3-10.1-254,39.1 s-91.7-34.4-149.2,0C115.7,118.3,0,39.8,0,39.8V0h1000v36.5c0,0-28.2-18.5-92.1-18.5C810.2,18.1,775.7,67.3,734,67.3z\"\/>\n\t<path class=\"elementor-shape-fill\" d=\"M766.1,28.9c-200-57.5-266,65.5-395.1,19.5C242,1.8,242,5.4,184.8,20.6C128,35.8,132.3,44.9,89.9,52.5C28.6,63.7,0,0,0,0 h1000c0,0-9.9,40.9-83.6,48.1S829.6,47,766.1,28.9z\"\/>\n<\/svg>\t\t<\/div>\n\t\t\t\t\t<div class=\"elementor-container elementor-column-gap-no\">\n\t\t\t\t\t<div class=\"elementor-column elementor-col-100 elementor-top-column elementor-element elementor-element-6d25e7a5\" data-id=\"6d25e7a5\" data-element_type=\"column\">\n\t\t\t<div class=\"elementor-widget-wrap\">\n\t\t\t\t\t\t\t<\/div>\n\t\t<\/div>\n\t\t\t\t\t<\/div>\n\t\t<\/section>\n\t\t\t\t<section class=\"elementor-section elementor-top-section elementor-element elementor-element-22a5b285 elementor-section-content-middle elementor-section-boxed elementor-section-height-default elementor-section-height-default\" data-id=\"22a5b285\" data-element_type=\"section\" data-settings=\"{&quot;background_background&quot;:&quot;classic&quot;}\">\n\t\t\t\t\t\t<div class=\"elementor-container elementor-column-gap-no\">\n\t\t\t\t\t<div class=\"elementor-column elementor-col-50 elementor-top-column elementor-element elementor-element-60e373ae\" data-id=\"60e373ae\" data-element_type=\"column\">\n\t\t\t<div class=\"elementor-widget-wrap elementor-element-populated\">\n\t\t\t\t\t\t<div class=\"elementor-element elementor-element-0c9c712 elementor-widget elementor-widget-advanced-text-block\" data-id=\"0c9c712\" data-element_type=\"widget\" data-widget_type=\"advanced-text-block.default\">\n\t\t\t\t<div class=\"elementor-widget-container\">\n\t\t\t<div class=\"futurio_extra_adv_text_block \" ><div class=\"text-content-block\"><p>V pr\u00edpade z\u00e1ujmu o spolupr\u00e1cu n\u00e1s nev\u00e1hajte kontaktova\u0165!<\/p><\/div><\/div>\t\t<\/div>\n\t\t\t\t<\/div>\n\t\t\t\t\t<\/div>\n\t\t<\/div>\n\t\t\t\t<div class=\"elementor-column elementor-col-50 elementor-top-column elementor-element elementor-element-1a04a22b\" data-id=\"1a04a22b\" data-element_type=\"column\">\n\t\t\t<div class=\"elementor-widget-wrap elementor-element-populated\">\n\t\t\t\t\t\t<div class=\"elementor-element elementor-element-5b42e13 elementor-align-center elementor-widget elementor-widget-button\" data-id=\"5b42e13\" data-element_type=\"widget\" data-widget_type=\"button.default\">\n\t\t\t\t<div class=\"elementor-widget-container\">\n\t\t\t\t\t<div class=\"elementor-button-wrapper\">\n\t\t\t<a class=\"elementor-button elementor-button-link elementor-size-md\" href=\"http:\/\/www.diamondseliotte.eu\/?page_id=363\">\n\t\t\t\t\t\t<span class=\"elementor-button-content-wrapper\">\n\t\t\t\t\t\t<span class=\"elementor-button-text\">KONTAKT<\/span>\n\t\t<\/span>\n\t\t\t\t\t<\/a>\n\t\t<\/div>\n\t\t\t\t<\/div>\n\t\t\t\t<\/div>\n\t\t\t\t\t<\/div>\n\t\t<\/div>\n\t\t\t\t\t<\/div>\n\t\t<\/section>\n\t\t\t\t<section class=\"elementor-section elementor-top-section elementor-element elementor-element-73ed994d elementor-section-boxed elementor-section-height-default elementor-section-height-default\" data-id=\"73ed994d\" data-element_type=\"section\" data-settings=\"{&quot;background_background&quot;:&quot;classic&quot;}\">\n\t\t\t\t\t\t<div class=\"elementor-container elementor-column-gap-default\">\n\t\t\t\t\t<div class=\"elementor-column elementor-col-100 elementor-top-column elementor-element elementor-element-1840ca1d\" data-id=\"1840ca1d\" data-element_type=\"column\">\n\t\t\t<div class=\"elementor-widget-wrap elementor-element-populated\">\n\t\t\t\t\t\t<div class=\"elementor-element elementor-element-71cd250 elementor-widget-divider--view-line elementor-widget elementor-widget-divider\" data-id=\"71cd250\" data-element_type=\"widget\" data-widget_type=\"divider.default\">\n\t\t\t\t<div class=\"elementor-widget-container\">\n\t\t\t\t\t<div class=\"elementor-divider\">\n\t\t\t<span class=\"elementor-divider-separator\">\n\t\t\t\t\t\t<\/span>\n\t\t<\/div>\n\t\t\t\t<\/div>\n\t\t\t\t<\/div>\n\t\t\t\t<div class=\"elementor-element elementor-element-197abd3 elementor-widget elementor-widget-heading\" data-id=\"197abd3\" data-element_type=\"widget\" data-widget_type=\"heading.default\">\n\t\t\t\t<div class=\"elementor-widget-container\">\n\t\t\t<h2 class=\"elementor-heading-title elementor-size-default\">NA\u0160I KLIENTI<\/h2>\t\t<\/div>\n\t\t\t\t<\/div>\n\t\t\t\t<div class=\"elementor-element elementor-element-6c731838 elementor-pagination-position-outside elementor-widget elementor-widget-image-carousel\" data-id=\"6c731838\" data-element_type=\"widget\" data-settings=\"{&quot;slides_to_show&quot;:&quot;6&quot;,&quot;slides_to_scroll&quot;:&quot;3&quot;,&quot;navigation&quot;:&quot;dots&quot;,&quot;slides_to_show_tablet&quot;:&quot;3&quot;,&quot;slides_to_show_mobile&quot;:&quot;2&quot;,&quot;autoplay&quot;:&quot;yes&quot;,&quot;pause_on_hover&quot;:&quot;yes&quot;,&quot;pause_on_interaction&quot;:&quot;yes&quot;,&quot;autoplay_speed&quot;:5000,&quot;infinite&quot;:&quot;yes&quot;,&quot;speed&quot;:500}\" data-widget_type=\"image-carousel.default\">\n\t\t\t\t<div class=\"elementor-widget-container\">\n\t\t\t\t\t<div class=\"elementor-image-carousel-wrapper swiper\" dir=\"ltr\">\n\t\t\t<div class=\"elementor-image-carousel swiper-wrapper\" aria-live=\"off\">\n\t\t\t\t\t\t\t\t<div class=\"swiper-slide\" role=\"group\" aria-roledescription=\"slide\" aria-label=\"1 of 8\"><figure class=\"swiper-slide-inner\"><img decoding=\"async\" class=\"swiper-slide-image\" src=\"http:\/\/www.noire.sk\/wp-content\/uploads\/elementor\/thumbs\/regiojet-qgblj6zpd3i08hpebr44i4dqdtxgwgas5u8vym8wn6.png\" alt=\"regiojet\" \/><\/figure><\/div><div class=\"swiper-slide\" role=\"group\" aria-roledescription=\"slide\" aria-label=\"2 of 8\"><figure class=\"swiper-slide-inner\"><img decoding=\"async\" class=\"swiper-slide-image\" src=\"http:\/\/www.noire.sk\/wp-content\/uploads\/elementor\/thumbs\/min_dop-qgblj6zpd3i08hpebr44i4dqdtxgwgas5u8vym8wl8.png\" alt=\"min_dop\" \/><\/figure><\/div><div class=\"swiper-slide\" role=\"group\" aria-roledescription=\"slide\" aria-label=\"3 of 8\"><figure class=\"swiper-slide-inner\"><img decoding=\"async\" class=\"swiper-slide-image\" src=\"http:\/\/www.noire.sk\/wp-content\/uploads\/elementor\/thumbs\/bts_logo-qgblj6zpd3i08hpebr44i4dqdtxgwgas5u8vym8wm2.png\" alt=\"bts_logo\" \/><\/figure><\/div><div class=\"swiper-slide\" role=\"group\" aria-roledescription=\"slide\" aria-label=\"4 of 8\"><figure class=\"swiper-slide-inner\"><img decoding=\"async\" class=\"swiper-slide-image\" src=\"http:\/\/www.noire.sk\/wp-content\/uploads\/elementor\/thumbs\/logoBA_fullc-qgblj6zpd3i08hpebr44i4dqdtxgwgas5u8vym8wn6.jpg\" alt=\"logoBA_fullc\" \/><\/figure><\/div><div class=\"swiper-slide\" role=\"group\" aria-roledescription=\"slide\" aria-label=\"5 of 8\"><figure class=\"swiper-slide-inner\"><img decoding=\"async\" class=\"swiper-slide-image\" src=\"http:\/\/www.noire.sk\/wp-content\/uploads\/elementor\/thumbs\/zsr_logo-qgblj6zpd3i08hpebr44i4dqdtxgwgas5u8vym8wmc.png\" alt=\"zsr_logo\" \/><\/figure><\/div><div class=\"swiper-slide\" role=\"group\" aria-roledescription=\"slide\" aria-label=\"6 of 8\"><figure class=\"swiper-slide-inner\"><img decoding=\"async\" class=\"swiper-slide-image\" src=\"http:\/\/www.noire.sk\/wp-content\/uploads\/elementor\/thumbs\/skoda-logo-1-qgblj6zpd3i08hpebr44i4dqdtxgwgas5u8vym8wmc.jpg\" alt=\"skoda-logo\" \/><\/figure><\/div><div class=\"swiper-slide\" role=\"group\" aria-roledescription=\"slide\" aria-label=\"7 of 8\"><figure class=\"swiper-slide-inner\"><img decoding=\"async\" class=\"swiper-slide-image\" src=\"http:\/\/www.noire.sk\/wp-content\/uploads\/elementor\/thumbs\/logo-mzsr-qgblj6zpd3i08hpebr44i4dqdtxgwgas5u8vym8wm2.gif\" alt=\"logo-mzsr\" \/><\/figure><\/div><div class=\"swiper-slide\" role=\"group\" aria-roledescription=\"slide\" aria-label=\"8 of 8\"><figure class=\"swiper-slide-inner\"><img decoding=\"async\" class=\"swiper-slide-image\" src=\"http:\/\/www.noire.sk\/wp-content\/uploads\/elementor\/thumbs\/logo-ztas-small-qgblj6zpd3i08hpebr44i4dqdtxgwgas5u8vym8wke.png\" alt=\"logo-ztas-small\" \/><\/figure><\/div>\t\t\t<\/div>\n\t\t\t\t\t\t\t\n\t\t\t\t\t\t\t\t\t<div class=\"swiper-pagination\"><\/div>\n\t\t\t\t\t\t\t\t\t<\/div>\n\t\t\t\t<\/div>\n\t\t\t\t<\/div>\n\t\t\t\t\t<\/div>\n\t\t<\/div>\n\t\t\t\t\t<\/div>\n\t\t<\/section>\n\t\t\t\t<section class=\"elementor-section elementor-top-section elementor-element elementor-element-8465fc7 elementor-section-boxed elementor-section-height-default elementor-section-height-default\" data-id=\"8465fc7\" data-element_type=\"section\">\n\t\t\t\t\t\t<div class=\"elementor-container elementor-column-gap-default\">\n\t\t\t\t\t<div class=\"elementor-column elementor-col-100 elementor-top-column elementor-element elementor-element-48ee9fa\" data-id=\"48ee9fa\" data-element_type=\"column\">\n\t\t\t<div class=\"elementor-widget-wrap elementor-element-populated\">\n\t\t\t\t\t\t<div class=\"elementor-element elementor-element-fc3db21 elementor-widget-divider--view-line elementor-widget elementor-widget-divider\" data-id=\"fc3db21\" data-element_type=\"widget\" data-widget_type=\"divider.default\">\n\t\t\t\t<div class=\"elementor-widget-container\">\n\t\t\t\t\t<div class=\"elementor-divider\">\n\t\t\t<span class=\"elementor-divider-separator\">\n\t\t\t\t\t\t<\/span>\n\t\t<\/div>\n\t\t\t\t<\/div>\n\t\t\t\t<\/div>\n\t\t\t\t\t<\/div>\n\t\t<\/div>\n\t\t\t\t\t<\/div>\n\t\t<\/section>\n\t\t\t\t<section class=\"elementor-section elementor-top-section elementor-element elementor-element-d88dbe7 elementor-section-boxed elementor-section-height-default elementor-section-height-default\" data-id=\"d88dbe7\" data-element_type=\"section\">\n\t\t\t\t\t\t<div class=\"elementor-container elementor-column-gap-default\">\n\t\t\t\t\t<div class=\"elementor-column elementor-col-100 elementor-top-column elementor-element elementor-element-88cc448\" data-id=\"88cc448\" data-element_type=\"column\">\n\t\t\t<div class=\"elementor-widget-wrap\">\n\t\t\t\t\t\t\t<\/div>\n\t\t<\/div>\n\t\t\t\t\t<\/div>\n\t\t<\/section>\n\t\t\t\t<\/div>\n\t\t","protected":false},"excerpt":{"rendered":"<p>PROFESION\u00c1LNY PR\u00cdSTUP KU KLIENTOM A ICH PROJEKOTOM VYBRAN\u00c9 REFERENCIE \u00a0 \u00a0 Gener\u00e1lna prokurat\u00fara Slovenskej republiky CEF e-Justice: Pr\u00e1ce zabezpe\u010duj\u00face roz\u0161\u00edrenie informa\u010dn\u00e9ho syst\u00e9mu GP a dodanie rozhrania a zabezpe\u010denie prepojenia jednotn\u00fdch syst\u00e9mov E\u00da \u00a0 \u00a0 CHARV\u00c1T STROJ\u00c1RNE a.s. Dodanie a roz\u0161\u00edrenie syst\u00e9mu automatick\u00e9ho monitorovania pr\u00e1ce zariaden\u00ed a pracovn\u00edkov. Analytik\u00fd syst\u00e9m (d\u00e1ta + vizualiz\u00e1cie a analytick\u00e9 \u010dinnosti)&hellip;<\/p>\n","protected":false},"author":1,"featured_media":0,"parent":0,"menu_order":0,"comment_status":"closed","ping_status":"closed","template":"","meta":{"footnotes":""},"_links":{"self":[{"href":"http:\/\/www.noire.sk\/index.php?rest_route=\/wp\/v2\/pages\/338"}],"collection":[{"href":"http:\/\/www.noire.sk\/index.php?rest_route=\/wp\/v2\/pages"}],"about":[{"href":"http:\/\/www.noire.sk\/index.php?rest_route=\/wp\/v2\/types\/page"}],"author":[{"embeddable":true,"href":"http:\/\/www.noire.sk\/index.php?rest_route=\/wp\/v2\/users\/1"}],"replies":[{"embeddable":true,"href":"http:\/\/www.noire.sk\/index.php?rest_route=%2Fwp%2Fv2%2Fcomments&post=338"}],"version-history":[{"count":26,"href":"http:\/\/www.noire.sk\/index.php?rest_route=\/wp\/v2\/pages\/338\/revisions"}],"predecessor-version":[{"id":452,"href":"http:\/\/www.noire.sk\/index.php?rest_route=\/wp\/v2\/pages\/338\/revisions\/452"}],"wp:attachment":[{"href":"http:\/\/www.noire.sk\/index.php?rest_route=%2Fwp%2Fv2%2Fmedia&parent=338"}],"curies":[{"name":"wp","href":"https:\/\/api.w.org\/{rel}","templated":true}]}}